- 0) - -3?
8
What is the value of (-14 - (-27 - -8)) + -9?
-4
-2 + -2 + (-21 - -31)
6
Calculate 2 - (12 - 6) - 0.
-4
What is the value of (5 - 0) + -7 + -1?
-3
What is the value of 2 - ((-5 - -4) + 4)?
-1
5 - (0 - (-9 - -5))
1
-1 + -3 + 0 + 1 + 3
0
Evaluate 0 - -1 - (-4 + 6) - -4.
3
-6 + 0 - (7 + -9)
-4
What is the value of (-2 - -4) + (2 - (4 - 6))?
6
What is 3 + -4 + 1 - (1 + -2)?
1
-1 - (17 - 2) - (-65 + 59)
-10
What is (-49 + 32 - (-2 - 6)) + 0?
-9
6 - (6 - (-11 + 9))
-2
(2 - 1) + (-7 - -5)
-1
Calculate -9 - (-2 + -9 + 5 - -3).
-6
What is the value of (-11 - -12) + -1 + 6 - 4?
2
What is the value of (0 - (15 - 5 - 4)) + 4?
-2
(13 - 9) + (-6 - 1)
-3
-2 + 0 + (0 - -4)
2
What is the value of 0 + (18 - 6) + -7?
5
Calculate -6 - (7 + -2 - 0 - 16).
5
Calculate 0 - (0 + -2 - (-15 - -15)).
2
What is -4 - ((2 - -3 - 2) + -4)?
-3
What is -2 + 4 + 8 + -5?
5
What is -7 + 13 + -7 - -6?
5
What is the value of (10 - 5 - 7) + 2?
0
What is (9 - 0) + 6 + -12?
3
-3 + 4 + -2 - 1
-2
What is (-1 - 1 - -6) + 7 + -5?
6
What is the value of -2 - 0 - (-10 - -4) - 2?
2
Evaluate 4 + (5 + -4 - 0) + -5.
0
Calculate 3 - -1 - (-2 - -4).
2
(3 - (7 + -6)) + -13
-11
What is -97 + 98 + (-3 - -1)?
-1
What is 2 - 2 - (-3 - (-4 + 2))?
1
What is the value of 0 - (1 - (0 + 1 + -1))?
-1
What is the value of -6 + 1 + (5 - 4)?
-4
What is 7 + (-6 - 2) + (8 - 2)?
5
Evaluate -2 + (2 - (-1 + 1)) + -4.
-4
What is the value of -5 - -11 - 8 - (2 - 2)?
-2
-3 + -9 + 5 + 3
-4
133 + -127 + (1 - 5)
2
What is the value of -6 + 14 + 3 - (8 - 2)?
5
What is the value of 2 + (5 - (5 - -4))?
-2
2 + -1 + -2 + -4
-5
Evaluate (1 - -4) + -5 + 0.
0
What is -11 + (-10 - (-38 + 10))?
7
Evaluate 6 - ((3 - -6) + -10).
7
Calculate 7 + (4 - 6) + -3.
2
Calculate (8 - 24) + 3 + 8.
-5
What is (0 - -5) + 39 + -39?
5
(-1 - -3) + (3 - (10 + -4))
-1
Calculate 1 + 3 + (-1 + 1 - 1).
3
Calculate 1 + -1 + 2 + (4 - 3).
3
Calculate -32 + 31 - (2 + (0 - 2)).
-1
Calculate -2 - (-3 - (-2 + 1) - -4).
-4
What is the value of 5 - (2 + (-5 - (0 - 1)))?
7
What is the value of -5 + 3 + 4 + (-10 - -3)?
-5
What is the value of -2 + (0 - (-2 + 0))?
0
What is 7 + 0 + -6 + 3?
4
What is the value of (4 - ((2 - -1) + 2)) + 4?
3
Calculate (8 - (-6 + 11)) + -2 + 1.
2
Evaluate (13 - 9) + (-1 - 1) - 0.
2
Calculate 3 + -1 + 2 - (-38 - -35).
7
1 - (4 - (-1 + 2)) - -5
3
Calculate -2 - (-3 + 2 + -3 + 5).
-3
-5 - (-1 - (9 - (3 - -1)))
1
(3 - (3 - 1 - 1)) + 1
3
What is -4 + 6 + 0 + -7?
-5
What is 1 + 14 + -6 - -1?
10
-3 - (4 - 0) - (-5 + 2)
-4
What is 1 + -12 + 5 + 3?
-3
Evaluate -10 - -4 - (6 + -15).
3
What is the value of 4 + (0 + -13 + 6 - -10)?
7
0 + -2 - -2 - -1
1
(8 - -2) + (2 - 8)
4
What is 4 + (1 - (-2 + 10))?
-3
Calculate -3 - (12 - (-14 + 20)).
-9
What is (4 - 25 - -7) + 12?
-2
Calculate 20 + -23 + (0 + -1 - -9).
5
What is 4 - (7 - ((-3 - 0) + 3))?
-3
What is the value of -11 - ((-13 - 3) + -5)?
10
What is the value of -4 + (-3 - 3 - -5)?
-5
What is (3 - -1) + (2 - 2)?
4
Evaluate 2 + 2 + -1 - (9 + -2).
-4
What is (6 - (0 + 14)) + 6?
-2
Evaluate -8 - (-12 - (3 + 3 - 6)).
4
What is 8 - 2 - 9 - (0 + -1)?
-2
What is 1 - 6 - (-10 + 2)?
3
Calculate 5 + -5 + (-1 - (-5 + 4)).
0
Evaluate 6 + (1 + 0 + 6 - 5).
8
What is (-8 - 5) + (13 - 4)?
-4
What is the value of 2 + (1 - (4 - 4))?
3
Calculate 2 + -8 + 0 - -3 - -7.
4
Evaluate 9 - 5 - 1 - 2.
1
Calculate 1 + (5 - 5) + -2 + 3.
2
What is 0 + -4 + (-2 - -11)?
5
What is the value of -9 + 4 + 1 + -1?
-5
What is the value of 1 + 1 + (-6 - (-9 - -8))?
-3
Evaluate -1 + (0 + 1 + -4 - -3).
-1
-4 + -4 + 4 + 2
-2
What is the value of -6 + -1 - (17 - 23)?
-1
Evaluate -2 + 9 + -21 + 13.
-1
What is the value of -3 + 13 + 1 + -4 - 13?
-6
3 - (4 + -3 - -3)
-1
What is the value of (-1 + 2 - -2) + -2 - 6?
-5
Evaluate -3 + (0 - -5) - -1.
3
What is 9 + -9 - -5 - 8?
-3
6 + -4 - 7 - -9
4
What is the value of (10 - 2) + 0 - 8?
0
What is 2 + -4 - (-8 + 10)?
-4
Evaluate 0 + 2 - (7 - 1).
-4
-10 - (4 + 9 + -18)
-5
What is -1 + (-2 - 4 - -14)?
7
Calculate 7 + -4 + -3 - (17 + -25).
8
-1 + -3 + 1 + 0 - 2
-5
What is the value of -1 - 4 - (3 + -3 - 3)?
-2
What is 5 - (-5 - -7) - -2?
5
What is the value of (4 - 5) + 3 + -4?
-2
Evaluate -2 - (-1 + -2 + 0 - -3).
-2
49 + -38 - (5 - -1)
5
Evaluate -11 + 2 + 9 - -5.
5
(16 - (-1 + 6 + 0)) + -5
6
Calculate 0 + 5 + (21 + -26 - -6).
6
What is 1 + 5 + -3 - 8?
-5
-30 + 18 + 17 + 4
9
Evaluate (4 - 4) + 3 + -1.
2
What is -1 - 1 - (9 + -13)?
2
Evaluate 5 + 0 + -5 + -1.
-1
What is -84 + 82 + -2 + 1?
-3
What is 10 - (1 + 8 - -6)?
-5
What is (8 - -5) + -23 + 12?
2
Calculate -4 - -5 - -4 - 8.
-3
What is (3 - (-5 - -10)) + 4?
2
1 - 1 - (-8 + 5 + -2)
5
5 + (4 + -2 - 1)
6
What is the value of (5 + -7 - -4) + 0 + -3?
-1
Calculate 0 + 0 + (-1 - (-4 + 4)).
-1
What is the value of -1 + 1 - (21 + -11)?
-10
Calculate (-36 - -13 - -12) + 11.
0
Calculate (-1 + 0 - (3 + 1)) + 1.
-4
Calculate -2 + 7 + 2 + -11.
-4
Evaluate (2 - 11) + (-33 - -39).
-3
What is -5 + 6 + 0 + (-3 - 1)?
-3
0 + ((0 - 3) + 1 - 0)
-2
Evaluate 6 + (-9 - (-6 + 0)).
3
What is the value of (3 + 2 - 2 - 4) + -3?
-4
What is -1 + 5 - (11 - 9) - 2?
0
Calculate -74 + 72 - (-2 - -1).
-1
Evaluate 3 - (-7 - -10 - 0).
0
Calculate 6 + (0 - 9 - 4) - -3.
-4
5 + 0 - (-12 + 14 + 3)
0
3 + -2 + 2 + 0
3
What is -2 + -3 + 6 + 0 + -1?
0
(-1 - (-7 - 3)) + -3
6
Calculate (2 + -1 - -2) + (4 - 0).
7
-2 - (-1 + 2 + 2)
-5
What is the value of -3 + -2 + (-23 - -34)?
6
Calculate (6 - -1) + -4 + (0 - 4).
-1
Calculate (-1 - 0) + -9 - (-403 - -397).
-4
What is (15 - 6) + -7 - (2 + -3)?
3
What is the value of (-13 - -5) + 24 + -16?
0
What is the value of 4 - (8 + -3 + -5)?
4
What is -7 - -17 - 5 - 9?
-4
4 - (4 + -5) - 0
5
What is the value of 8 + -16 + 9 + -1?
0
-2 - (-4 + 4 - -3)
-5
2 + (-1 - 5 - 2) - 0
-6
Calculate 2 + (-1 + 1 + 2 - 1).
3
What is the value of -4 + -5 - (8 - 20)?
3
What is -4 + (8 - 9) - (-3 + -1)?
-1
(-1 - 0) + 2 + (16 - 24)
-7
Calculate 0 + (-2 - -2) - (-22 + 24).
-2
Evaluate 3 + -1 + (-13 - -18) - 4.
3
1 + (7 - (15 + -5))
-2
-8 + 9 + (4 - 6)
-1
5 + (4 + -6 + 6 - 8)
1
Evaluate (2 - -5) + 1 + -5.
3
9 - 5 - 9 - (0 - 12)
7
What is the value of 5 - 0 - (7 + (-3 - 2))?
3
-6 + 1 + -2 + (0 - 1)
-8
What is (-5 - 0 - -5) + 5 + -3?
2
What is the value of -7 + 11 - (-1 - -1)?
4
What is the value of 3 - (0 - 3 - -10) - 1?
-5
Calculate (-200 - -204) + (-1 - (0 + 1)).
2
Evaluate (-7 - -3) + 16 + -18.
-6
What is 1 - -10 - (-36 - -40)?
7
0 + -3 - (151 + -145)
-9
What is the value of 12 + -5 + (-14 - -8)?
1
What is the value of -1 - -2 - (5 + 2 + -2)?
-4
What is the value of -2 - -10 - 4 - 0?
4
Evaluate -4 + 2 + 1 + 5 + 1.
5
Evaluate -2 - ((-4 - 0) + 0).
2
What is the value of -2 - (-10 - -2) - (2 + 3)?
1
What is the value of 2 - (0 + -1) - (7 + -10)?
6
What is the value of 3 - -3 - (10 - 3)?
-1
3 - 7 - -4 - (-2 + -1)
3
Evaluate 7 + (-3 - 1) - (12 + -11).
2
(-6 - -4) + 2 + (0 - -1)
1
-5 + 2 + (-1 - 1)
-5
(-7 - -3) + -4 - (-2 - 1)
-5
Calculate (-6 - -6) + 3 + -5.
-2
Evaluate 12 - (4 - 0 - -7).
1
Calculate -5 - (6 - 12 - (0 - 5)).
-4
What is the value of -2 + (2 - (-1 - (-3 + 3)))?
1
Evaluate -7 + (-6 - (9 - 22) - -5).
5
-6 + 10 + -3 - -3
4
What is (-4 - 0) + (-1 - -6)?
1
Calculate 1 + (-1 - 6) - (9 + -13).
-2
Calculate 3 - (-2 - -2) - -2.
5
What is the value of -3 + -5 + 16 + -16?
-8
What is the value of -3 - -2 - (4 - (6 + 3))?
4
What is (-17 + -5 - -2) + 4 + 8?
-8
Calculate -23 + 21 + (0 - 2 - 0).
-4
-5 + (0 - (-7 - -13)) + 7
-4
What is the value of -7 - (-3 - 0) - (4 - 10)?
2
What is 6 + -8 + 1 + -2 - 3?
-6
5 - 5 - (-1 + -1)
2
What is the value of -1 + (-13 - -19) + -3 + -2?
0
Evaluate -9 - -11 - (-2 - -1).
3
What is the value of -10 + -6 + 4 + 10?
-2
Calculate 7 + -4 + 1 + 2.
6
What is 3 - (4 - 11 - -5)?
5
What is (1 - 2 - (7 - 11)) + 0?
3
5 - ((-5 - -8) + 0) - -4
6
What is the value of 2 + 0 - 2 - (4 - 3)?
-1
What is the value of 1 - -6 - (-92 - -101)?
-2
Calculate 12 + -1 - (45 + -34).
0
What is -5 + (17 - 17 - (-2 + 0))?
-3
2 + 2 + (3 - -1) + -7
1
What is 1 - (-3 + 0 + 0)?
4
Evaluate 3 - (-4 + 10) - (1 + -1).
-3
(7 - 5) + -9 + 3
-4
Evaluate (10 - 12) + -2 + -2 + 1.
-5
Calculate -5 + -1 - ((-13 - -4) + 4).
-1
-10 + 7 + -14 + 26
9
What is -2 + -3 + (0 - -3)?
-2
Calculate -5 + (-13 - (3 - 16)).
-5
Evaluate (1 - -5) + (5 - (10 + -3)).
4
What is the value of (-4 - 1) 